site?
True
Is 1650813683 a composite number?
False
Is 11497917895 a prime number?
False
Is 38235678997 a composite number?
False
Is 2693830369 prime?
False
Is 12760275991 composite?
True
Is 1683244907 composite?
False
Is 2403095749 a prime number?
False
Is 4156102043 a composite number?
False
Is 1623170141 prime?
True
Is 959800843 a composite number?
True
Is 92597857 a prime number?
False
Is 224406601 composite?
False
Is 10575167011 a composite number?
False
Is 7353081389 a composite number?
True
Is 267154289 prime?
True
Is 3831911321 a composite number?
True
Is 18713189089 a composite number?
True
Is 92814067207 a composite number?
False
Is 50609724611 a composite number?
False
Is 4780047299 composite?
False
Is 18750107353 a composite number?
True
Is 9733497533 a prime number?
False
Is 4355648629 composite?
False
Is 10974184751 composite?
False
Is 2852368139 a prime number?
False
Is 81952791 prime?
False
Is 3318156589 composite?
True
Is 2339545861 composite?
False
Is 2584646989 prime?
True
Is 9359326141 a prime number?
False
Is 248655673 a composite number?
True
Is 193997869 a composite number?
True
Is 208072219 a prime number?
True
Is 475520093 composite?
True
Is 38140841 a composite number?
False
Is 252715843 a composite number?
False
Is 1141022171 a prime number?
False
Is 237539213 prime?
False
Is 987697693 prime?
True
Is 19846122319 composite?
False
Is 65590799563 a composite number?
False
Is 777373286 a prime number?
False
Is 121231996219 a composite number?
False
Is 200832553 a prime number?
True
Is 4072883959 composite?
True
Is 13622679419 a composite number?
True
Is 65799991 prime?
True
Is 1972457831 composite?
True
Is 189141622 a composite number?
True
Is 133223055683 composite?
True
Is 6666953411 a prime number?
True
Is 478676383 a prime number?
True
Is 146848561 a composite number?
True
Is 32332629203 a prime number?
False
Is 195579087581 composite?
True
Is 192226444843 a prime number?
False
Is 154961966057 composite?
False
Is 323224439 prime?
True
Is 11097375059 composite?
True
Is 1164119167 a prime number?
True
Is 21068187599 a composite number?
False
Is 6016807 a prime number?
False
Is 393330319 composite?
False
Is 11593351447 prime?
True
Is 4177941979 composite?
False
Is 42552190742 composite?
True
Is 6313584881 composite?
False
Is 10954761917 prime?
False
Is 143514647 composite?
False
Is 4076287 composite?
False
Is 3806079803 a composite number?
False
Is 70802430527 a prime number?
True
Is 123060481757 composite?
False
Is 43461811837 composite?
False
Is 1211893007 prime?
False
Is 2269042967 a prime number?
False
Is 262307903777 composite?
False
Is 11135838349 a prime number?
True
Is 618818143 a prime number?
True
Is 1764281179 a prime number?
True
Is 979901899 a prime number?
False
Is 361471478 a prime number?
False
Is 26259146077 prime?
True
Is 16825940981 prime?
True
Is 1198260067 prime?
True
Is 3110808893 composite?
False
Is 87059299 a prime number?
True
Is 73566046481 composite?
True
Is 1853124751 a prime number?
True
Is 1103371631 prime?
True
Is 1422990343 a prime number?
False
Is 33549147461 composite?
False
Is 4613855483 composite?
False
Is 67485496363 a prime number?
True
Is 1723199893 composite?
False
Is 388927601 a composite number?
True
Is 7659054377 prime?
False
Is 1622372671 a prime number?
False
Is 3481054303 prime?
True
Is 8056013887 prime?
True
Is 1649956283 prime?
True
Is 41928159469 composite?
True
Is 19014450199 prime?
False
Is 392031377 a prime number?
True
Is 3902226719 a composite number?
True
Is 316723562 a prime number?
False
Is 20653771 composite?
True
Is 2313244321 prime?
True
Is 6118584617 a composite number?
False
Is 76529239 composite?
False
Is 59477145905 a composite number?
True
Is 81794541419 a prime number?
True
Is 38606010727 prime?
False
Is 17748480221 composite?
False
Is 33328498831 composite?
False
Is 251999729 a prime number?
False
Is 6334058869 composite?
False
Is 71722433227 a composite number?
True
Is 7079835811 composite?
False
Is 27771495013 a prime number?
True
Is 27683126 prime?
False
Is 1614282151 prime?
True
Is 95222043013 a composite number?
True
Is 3441422191 a prime number?
True
Is 1367733539 composite?
False
Is 297121147 a composite number?
False
Is 346340963 a composite number?
True
Is 18638946707 a composite number?
False
Is 19279543807 composite?
True
Is 39995702947 a prime number?
True
Is 292920713 a prime number?
True
Is 390927001 a prime number?
True
Is 4403682093 prime?
False
Is 187240197107 a composite number?
True
Is 13008894677 a prime number?
True
Is 1077214043 composite?
True
Is 1625605561 composite?
False
Is 42860749 a composite number?
False
Is 14564640079 a prime number?
False
Is 131246747 a prime number?
True
Is 8736300467 a composite number?
True
Is 40373713 a composite number?
True
Is 166262743 composite?
False
Is 15939999451 a prime number?
True
Is 3071858267 composite?
False
Is 9662774879 composite?
False
Is 3590434417 prime?
True
Is 289584023 a composite number?
False
Is 34576004641 composite?
True
Is 1170669803 composite?
False
Is 1236612677 prime?
False
Is 76854655 a composite number?
True
Is 440390201 a composite number?
True
Is 125941049621 a prime number?
True
Is 30242206061 a prime number?
True
Is 11046284449 composite?
True
Is 20958799046 composite?
True
Is 22883744915 a composite number?
True
Is 2195040677 a prime number?
False
Is 348187111 composite?
False
Is 150900566 a composite number?
True
Is 7340898619 a composite number?
False
Is 13036483427 prime?
False
Is 1913029249 prime?
True
Is 6597388823 prime?
True
Is 31785116917 a composite number?
False
Is 16321895573 a composite number?
True
Is 9994043131 a prime number?
False
Is 290265809 composite?
False
Is 228646700687 a composite number?
False
Is 245883949 prime?
False
Is 159765549833 composite?
False
Is 11748585391 a prime number?
False
Is 4060927621 prime?
True
Is 113060144507 a prime number?
True
Is 50016313 prime?
True
Is 1010071999 a prime number?
False
Is 1629438989 prime?
False
Is 444513239 composite?
True
Is 173968879 prime?
False
Is 230862959 a prime number?
True
Is 374674073 prime?
True
Is 1569677441 a prime number?
True
Is 213303563 prime?
False
Is 33654219479 composite?
False
Is 129061092469 a prime number?
False
Is 4995271933 prime?
True
Is 1606399 prime?
True
Is 59275346114 a prime number?
False
Is 2886291391 a composite number?
True
Is 25234257121 prime?
False
Is 12617545429 a composite number?
False
Is 9502209109 a prime number?
False
Is 477620107 composite?
False
Is 594635303 composite?
True
Is 121947649 a composite number?
False
Is 31229236499 composite?
True
Is 53798077 prime?
True
Is 8675809183 a composite number?
False
Is 940139539 a prime number?
True
Is 8644162913 composite?
False
Is 823799069 a composite number?
False
Is 4034311 composite?
False
Is 1425683827 a prime number?
True
Is 37461264619 a composite number?
True
Is 879055547 a prime number?
True
Is 700797073 prime?
True
Is 1520881091 prime?
False
Is 34330288669 prime?
True
Is 2561770479 a prime number?
False
Is 10428734089 prime?
True
Is 169183590391 a composite number?
False
Is 16968888023 prime?
True
Is 302434554611 prime?
False
Is 413797893 prime?
False
Is 7236425771 composite?
False
Is 30696826 composite?
True
Is 2400217922 a composite number?
True
Is 9954023519 a prime number?
False
Is 10159756723 composite?
False
Is 839389091 a composite number?
True
Is 17270926411 composite?
False
Is 169603993255 a prime number?
False
Is 14804076869 prime?
False
Is 798308527 a composite number?
True
Is 1729306607 a prime number?
False
Is 1273103 a composite number?
True
Is 4259224529 prime?
False
Is 3707678923 composite?
True
Is 129587365493 a composite number?
False
Is 1425196457 composite?
True
Is 1322561467 prime?
False
Is 3379359877 prime?
True
Is 34120133 a composite number?
True
Is 1402363897 composite?
True
Is 17801511781 prime?
False
Is 592888349 prime?
False
Is 18761661881 composite?
False
Is 16061342734 prime?
False
Is 147268301 composite?
False
Is 822651359 a prime number?
False
Is 7612166249 composite?
False
Is 134560799 prime?
False
Is 3158121133 a prime number?
True
Is 158136466247 a prime number?
True
Is 73067345107 prime?
False
Is 835028211 prime?
False
Is 3616650343 a composite number?
False
Is 1168647